397 a composite number?
False
Is 526271 a prime number?
True
Is 9645401 a composite number?
False
Is 5557723 composite?
False
Is 20788351 a composite number?
False
Is 14201333 composite?
False
Is 183176681 prime?
True
Is 26419589 a composite number?
True
Is 5105267 prime?
True
Is 722801 a composite number?
True
Is 77168687 a prime number?
True
Is 5315329 prime?
True
Is 178392839 a composite number?
True
Is 233331221 prime?
True
Is 4766341 composite?
True
Is 22167359 prime?
True
Is 990212219 a prime number?
True
Is 31513294 prime?
False
Is 266266051 a prime number?
True
Is 3734078 a prime number?
False
Is 8057 composite?
True
Is 58629641 a prime number?
False
Is 514813127 prime?
False
Is 11738555 a prime number?
False
Is 256930303 a composite number?
True
Is 12023569 a composite number?
False
Is 1140889 a composite number?
True
Is 456553 a composite number?
False
Is 4907353 composite?
True
Is 36044167 a composite number?
False
Is 455352877 prime?
False
Is 6523867 prime?
False
Is 37622731 prime?
True
Is 63103543 composite?
True
Is 7831889 a composite number?
True
Is 16746701 composite?
False
Is 33126629 composite?
False
Is 4571681 composite?
False
Is 34995929 a composite number?
True
Is 38940827 prime?
False
Is 5542613 a composite number?
True
Is 482371 composite?
False
Is 3923803 a prime number?
False
Is 11904686 a prime number?
False
Is 105317011 a composite number?
True
Is 75914621 prime?
True
Is 100826981 a prime number?
False
Is 16172021 a composite number?
True
Is 829496429 a prime number?
True
Is 26447671 prime?
True
Is 345463879 composite?
False
Is 11629063 a prime number?
False
Is 2744059 composite?
True
Is 79392002 a prime number?
False
Is 25721651 a prime number?
True
Is 8200607 a prime number?
False
Is 14710331 a prime number?
False
Is 6141274 a composite number?
True
Is 7530239 a composite number?
False
Is 2959823 prime?
True
Is 6793859 a prime number?
False
Is 23303927 a composite number?
False
Is 9008833 a prime number?
False
Is 23554667 a composite number?
False
Is 395543287 prime?
True
Is 3287251 composite?
True
Is 6028201 a prime number?
False
Is 22431037 a composite number?
True
Is 2612153 a prime number?
False
Is 1077119 composite?
True
Is 21460207 a composite number?
False
Is 5401553 a prime number?
True
Is 4814167 a composite number?
False
Is 1316207 a prime number?
False
Is 13775233 prime?
True
Is 15429529 a prime number?
True
Is 135063781 a prime number?
True
Is 777191 a prime number?
True
Is 96989 a composite number?
False
Is 9344317 prime?
True
Is 3904327 a prime number?
False
Is 469459 a prime number?
False
Is 17877569 a prime number?
True
Is 32824063 a composite number?
True
Is 474289 a prime number?
True
Is 1132281445 a composite number?
True
Is 18449987 a prime number?
False
Is 87736553 prime?
False
Is 1145427067 a composite number?
False
Is 173905 a prime number?
False
Is 1704611 composite?
False
Is 22130077 composite?
False
Is 35268889 a composite number?
False
Is 76991833 a composite number?
True
Is 1759909 composite?
False
Is 3096047 composite?
False
Is 92751143 a composite number?
True
Is 298845991 composite?
True
Is 2731493 composite?
False
Is 30992453 a prime number?
False
Is 609721 prime?
False
Is 9238231 a composite number?
False
Is 60798899 a composite number?
True
Is 108707 a prime number?
True
Is 110124061 composite?
True
Is 3402613 a composite number?
False
Is 20333063 a composite number?
True
Is 9333271 a composite number?
False
Is 1315151 a prime number?
True
Is 17849 composite?
True
Is 12085103 a prime number?
True
Is 138338059 a composite number?
True
Is 70567417 composite?
False
Is 122704737 a composite number?
True
Is 90183767 a composite number?
True
Is 16110257 prime?
False
Is 763261 a prime number?
True
Is 10928713 a composite number?
False
Is 410362187 prime?
True
Is 18233867 prime?
False
Is 2789239 a composite number?
False
Is 8267507 composite?
True
Is 6064771 a composite number?
False
Is 12098309 prime?
True
Is 1693487 a composite number?
True
Is 151808291 a prime number?
True
Is 104286437 prime?
False
Is 46303833 composite?
True
Is 987779 a composite number?
True
Is 6416783 a prime number?
False
Is 36533897 composite?
True
Is 1091129 prime?
False
Is 1519591 a composite number?
False
Is 1487014 prime?
False
Is 2553457 composite?
False
Is 24710267 a composite number?
True
Is 7430219 composite?
True
Is 5739703 a composite number?
False
Is 2432371 prime?
True
Is 80359553 a prime number?
False
Is 851952763 prime?
True
Is 57244227 a composite number?
True
Is 299021599 prime?
True
Is 2011403 prime?
False
Is 2019181 composite?
False
Is 1586789 a prime number?
True
Is 3666197 a prime number?
True
Is 1860917 a composite number?
True
Is 109245163 prime?
True
Is 593663 a prime number?
False
Is 54737777 a composite number?
False
Is 6359578 a prime number?
False
Is 503501 a prime number?
True
Is 299062613 prime?
True
Is 745517 a composite number?
False
Is 193423 prime?
True
Is 42206501 a composite number?
False
Is 104489839 a prime number?
False
Is 433632289 composite?
True
Is 216259 composite?
False
Is 27987959 prime?
False
Is 6679445 prime?
False
Is 143024405 prime?
False
Is 136668703 a prime number?
False
Is 35240629 prime?
True
Is 50992631 a composite number?
True
Is 114974791 composite?
True
Is 95034011 a composite number?
False
Is 174493243 composite?
False
Is 5525327 a composite number?
False
Is 383039963 a prime number?
True
Is 29691931 composite?
False
Is 262964287 a composite number?
False
Is 59329 prime?
False
Is 248150209 composite?
False
Is 214194259 prime?
False
Is 4310021 a prime number?
True
Is 65865971 composite?
True
Is 550299707 prime?
False
Is 4529617 prime?
False
Is 1628051 a prime number?
True
Is 35627009 a composite number?
True
Is 5108957 a composite number?
True
Is 409155991 a prime number?
False
Is 47539859 composite?
False
Is 9207026 a composite number?
True
Is 85884109 composite?
True
Is 158579 prime?
False
Is 368670571 prime?
True
Is 443359991 a prime number?
False
Is 3300602183 a prime number?
True
Is 32097133 prime?
False
Is 1026737 composite?
True
Is 345879323 a composite number?
False
Is 2161223 prime?
False
Is 1429201 a composite number?
False
Is 337582051 a prime number?
True
Is 152734201 composite?
False
Is 10930571 a prime number?
False
Is 70632361 composite?
True
Is 86431439 prime?
True
Is 84372187 a prime number?
False
Is 2034421 composite?
False
Is 437497 composite?
False
Is 67160309 composite?
False
Is 187451717 prime?
False
Is 54383711 a composite number?
False
Is 4489129 prime?
True
Is 135498095 a prime number?
False
Is 4040177 prime?
False
Is 566399 a prime number?
False
Is 5427413 a composite number?
False
Is 16938049 a composite number?
False
Is 60751 composite?
True
Is 4100503 prime?
False
Is 42227681 prime?
False
Is 70709 composite?
False
Is 1529233 a composite number?
False
Is 123571127 prime?
False
Is 243223723 composite?
False
Is 6755029 a prime number?
True
Is 18482474 a composite number?
True
Is 283974749 prime?
False
Is 2316961 prime?
True
Is 1198089509 a prime number?
True
Is 139018051 prime?
False
Is 335972177 prime?
False
Is 6015833 prime?
True
Is 322323037 a composite number?
False
Is 30048167 prime?
True
Is 1339099 a composite number?
True
Is 15169157 a prime number?
True
Is 35625373 composite?
True
Is 8712809 a composite number?
True
Is 1274093 composite?
True
Is 8361407 composite?
True
Is 184853429 a composite number?
True
Is 609473 composite?
True
Is 61689 prime?
False
Is 1975174 prime?
False
Is 48289853 prime?
True
Is 53054159 composite?
False
Is 5488822 prime?
False
Is 143300441 prime?
True
Is 5276261 a prime number?
True
Is 72490903 a composite number?
False
Is 7537967 composite?
True
Is 7344307 a composite number?
False
Is 63306899 a prime number?
True
Is 2701253 composite?
True
Is 255359105 a prime number?
False
Is 285632587 prime?
False
Is 429693217 composite?
False
Is 95608013 a prime number?
False
Is 11000591 prime?
False
Is 13075849 a composite number?
False
Is 59433773 composite?
True
Is 18186929 composite?
False
Is 265356701 prime?
False
Is 107728237 a composite number?
False
Is 179620879 a composite number?
False
Is 2297897 a prime number?
False
Is 445387 a prime number?
False
Is 32356473 prime?
False
Is 200921719 composite?
